rime number?
False
Is 24677674003 a composite number?
False
Is 122710583 a composite number?
False
Is 5330590571 a prime number?
False
Is 45699311873 prime?
True
Is 3638032859 prime?
True
Is 12989430439 a composite number?
True
Is 22922656654 prime?
False
Is 14936644139 prime?
True
Is 5078096207 composite?
True
Is 3667965877 a composite number?
False
Is 63459644419 a composite number?
False
Is 666165361 a prime number?
False
Is 3822856789 prime?
True
Is 12388187027 a composite number?
True
Is 17671038083 composite?
False
Is 2038509511 prime?
True
Is 81838699 composite?
False
Is 8548275863 composite?
False
Is 8090508649 a composite number?
False
Is 70803409 a prime number?
True
Is 30842208849 composite?
True
Is 193008855191 composite?
False
Is 39622595437 prime?
False
Is 359757119 a composite number?
False
Is 3934934039 prime?
True
Is 3281125843 prime?
False
Is 163875404531 a composite number?
False
Is 578023167 composite?
True
Is 1074197217 prime?
False
Is 52513782869 prime?
False
Is 67017079709 a prime number?
False
Is 684682553 a composite number?
True
Is 16145763373 a composite number?
False
Is 2361290741 prime?
True
Is 13482961673 a composite number?
True
Is 39908162359 prime?
False
Is 54022045094 composite?
True
Is 653309479 composite?
False
Is 21928199431 prime?
True
Is 14350349269 prime?
True
Is 5301240827 prime?
True
Is 2367340199 prime?
False
Is 378626743 a prime number?
False
Is 1788388061 a composite number?
True
Is 15808838443 prime?
True
Is 548234035 prime?
False
Is 629613923 a composite number?
False
Is 4273099637 composite?
True
Is 640445437 a composite number?
True
Is 2001146731 a composite number?
False
Is 4494781327 a prime number?
False
Is 92063567 a composite number?
False
Is 48597372631 composite?
False
Is 9510646451 prime?
True
Is 6243371203 composite?
True
Is 2530671469 prime?
False
Is 94699619083 a composite number?
True
Is 8097091181 prime?
True
Is 3849518753 composite?
False
Is 973677959 prime?
True
Is 19109688973 a composite number?
False
Is 4447371421 a composite number?
False
Is 42280626247 composite?
False
Is 1280152637 prime?
False
Is 3649709951 a prime number?
False
Is 106108163 composite?
True
Is 11038740113 a prime number?
True
Is 2210043917 a composite number?
True
Is 8595680293 prime?
True
Is 95332016777 composite?
False
Is 28078116293 a prime number?
False
Is 10593961643 composite?
True
Is 6584242793 composite?
True
Is 193788211 composite?
False
Is 1371049034 a prime number?
False
Is 2355474103 a composite number?
False
Is 4677414373 a composite number?
False
Is 78293725349 composite?
True
Is 59299481 prime?
True
Is 187843714417 a composite number?
False
Is 14663082451 a prime number?
False
Is 307222793 a composite number?
True
Is 3262574003 prime?
False
Is 1090934513 prime?
True
Is 33349769393 prime?
False
Is 38180165399 composite?
False
Is 12134717303 composite?
True
Is 5413677287 composite?
False
Is 176125297 a composite number?
True
Is 2318156473 composite?
True
Is 3211640959 prime?
False
Is 163563878109 prime?
False
Is 38018257 a composite number?
False
Is 106759039537 composite?
False
Is 6903599057 a prime number?
False
Is 56516747731 a prime number?
True
Is 5455316221 a composite number?
False
Is 7913606171 composite?
True
Is 39302953 a composite number?
False
Is 739061293 composite?
False
Is 358782616015 prime?
False
Is 636606335 a prime number?
False
Is 21468121799 a composite number?
False
Is 1507647535 prime?
False
Is 11686037137 composite?
False
Is 7870417627 composite?
True
Is 145349671 prime?
False
Is 173323571 a prime number?
True
Is 24618963958 prime?
False
Is 1886110843 a prime number?
True
Is 484059733 composite?
True
Is 257320313 composite?
True
Is 5332774439 composite?
True
Is 247723277 prime?
False
Is 1451611163 a prime number?
False
Is 11914997473 a prime number?
True
Is 290702141 a composite number?
False
Is 5641560797 composite?
False
Is 352859827 composite?
False
Is 503122849 prime?
False
Is 436409447 a composite number?
True
Is 2451080006 prime?
False
Is 886832449 prime?
True
Is 14559843757 a composite number?
False
Is 3998926189 composite?
True
Is 226712527 a composite number?
True
Is 70772471507 a prime number?
True
Is 11725315481 a prime number?
False
Is 25342738558 a composite number?
True
Is 338427539 a composite number?
False
Is 3045572927 composite?
False
Is 25368676763 a composite number?
False
Is 4107030047 prime?
True
Is 2241075581 a prime number?
True
Is 36323987 prime?
False
Is 14128511447 a composite number?
True
Is 2552798301 a composite number?
True
Is 1502545523 a prime number?
False
Is 16612155619 composite?
True
Is 617251667 a composite number?
True
Is 399842717 composite?
True
Is 31676599 prime?
False
Is 295687921 a prime number?
True
Is 6989369707 prime?
True
Is 105646714 prime?
False
Is 313260251 a prime number?
True
Is 162173381 prime?
True
Is 3153126379 a prime number?
False
Is 3921304507 prime?
False
Is 741563243 prime?
True
Is 1284547963 a composite number?
False
Is 11850994789 composite?
True
Is 12185225291 a prime number?
False
Is 4042439018 a composite number?
True
Is 107625290587 a composite number?
True
Is 2343138071 composite?
False
Is 1240446047 composite?
False
Is 1777286029 a prime number?
False
Is 1571868239 composite?
True
Is 1822349707 composite?
False
Is 814417007 a prime number?
False
Is 28107637 a prime number?
True
Is 566964583 composite?
True
Is 8303115347 a prime number?
False
Is 1798519399 a prime number?
False
Is 257837599 a composite number?
False
Is 1675431047 composite?
False
Is 51381529 prime?
False
Is 537359629 prime?
True
Is 9167253541 prime?
True
Is 3253619077 prime?
False
Is 996993479 composite?
True
Is 230412709 a prime number?
False
Is 648006649 prime?
True
Is 43202946551 a composite number?
False
Is 3326068001 composite?
False
Is 6349480607 prime?
True
Is 12944414317 prime?
False
Is 14708109737 a prime number?
True
Is 1506286903 composite?
True
Is 2041421597 a prime number?
False
Is 105423672383 prime?
False
Is 469705391 prime?
True
Is 35809939883 a prime number?
False
Is 148943503 composite?
False
Is 1071954937 composite?
True
Is 26247697147 composite?
True
Is 3215875129 composite?
False
Is 608086757 composite?
True
Is 5491592591 a composite number?
True
Is 7162017283 a composite number?
True
Is 16150329053 prime?
False
Is 65816056745 a prime number?
False
Is 2333783917 a prime number?
False
Is 76723111727 composite?
False
Is 7883800157 a composite number?
False
Is 2117973541 a prime number?
False
Is 1772117713 prime?
False
Is 1386196109 a composite number?
True
Is 17862964657 composite?
True
Is 4772951 composite?
False
Is 134064699 prime?
False
Is 7839553195 a composite number?
True
Is 1670017763 composite?
True
Is 1868519047 composite?
False
Is 48594495973 a composite number?
True
Is 1742394803 a composite number?
True
Is 2240405801 a prime number?
True
Is 1389136271 a prime number?
False
Is 19349634283 a prime number?
False
Is 979385567 prime?
False
Is 96808893 prime?
False
Is 12539360321 prime?
False
Is 193124161 composite?
True
Is 7082063047 composite?
False
Is 417778649 a composite number?
False
Is 7160058439 composite?
True
Is 6116346809 a prime number?
False
Is 417296129 composite?
False
Is 926801999 a composite number?
False
Is 93923981 a composite number?
False
Is 21238025231 a composite number?
True
Is 697895285 composite?
True
Is 215587069 prime?
True
Is 4491606761 composite?
False
Is 8295205102 composite?
True
Is 2262840917 a composite number?
False
Is 321253897 a composite number?
False
Is 9195740794 a prime number?
False
Is 339187987 a prime number?
True
Is 30081589 composite?
False
Is 267588239 composite?
False
Is 65593121 prime?
False
Is 24581721851 prime?
False
Is 74630992589 a composite number?
True
Is 39335918 a prime number?
False
Is 24498217691 composite?
False
Is 35977121 a prime number?
True
Is 26900210923 prime?
False
Is 12689703861 a composite number?
True
Is 54852257 prime?
False
Is 31485088129 prime?
False
Is 162944461 prime?
True
Is 74439588811 a composite number?
True
Is 55347151 prime?
True
Is 74417580662 a prime number?
False
Is 163069541 composite?
True
Is 3234418087 a composite number?
False
Is 143868752117 a composite number?
False
Is 19551003781 composite?
True
Is 6625034071 composite?